digit of 3207?
7
What is the hundreds digit of 22838?
8
What is the units digit of 10479?
9
What is the hundreds digit of 88210?
2
What is the units digit of 8451?
1
What is the hundreds digit of 1442?
4
What is the ten thousands digit of 54690?
5
What is the hundreds digit of 1408?
4
What is the hundreds digit of 4521?
5
What is the hundreds digit of 150192?
1
What is the units digit of 28?
8
What is the thousands digit of 2917?
2
What is the hundreds digit of 433?
4
What is the tens digit of 49323?
2
What is the ten thousands digit of 16001?
1
What is the thousands digit of 5117?
5
What is the tens digit of 2142?
4
What is the units digit of 11668?
8
What is the hundreds digit of 681?
6
What is the hundreds digit of 24128?
1
What is the hundreds digit of 1219?
2
What is the hundreds digit of 13343?
3
What is the thousands digit of 9760?
9
What is the units digit of 1902?
2
What is the thousands digit of 55292?
5
What is the hundreds digit of 2567?
5
What is the units digit of 3659?
9
What is the units digit of 1202?
2
What is the units digit of 16653?
3
What is the hundreds digit of 243?
2
What is the units digit of 3423?
3
What is the units digit of 4088?
8
What is the tens digit of 14?
1
What is the units digit of 8577?
7
What is the hundreds digit of 286?
2
What is the units digit of 89339?
9
What is the hundreds digit of 3098?
0
What is the units digit of 166595?
5
What is the hundreds digit of 132148?
1
What is the tens digit of 5092?
9
What is the tens digit of 417?
1
What is the thousands digit of 21612?
1
What is the hundreds digit of 3856?
8
What is the tens digit of 39025?
2
What is the hundreds digit of 38684?
6
What is the hundreds digit of 823?
8
What is the tens digit of 475?
7
What is the hundreds digit of 30007?
0
What is the units digit of 27291?
1
What is the units digit of 6?
6
What is the ten thousands digit of 68375?
6
What is the tens digit of 1072?
7
What is the tens digit of 11894?
9
What is the thousands digit of 1167?
1
What is the hundreds digit of 2174?
1
What is the tens digit of 726?
2
What is the tens digit of 35497?
9
What is the tens digit of 6390?
9
What is the tens digit of 1474?
7
What is the ten thousands digit of 22543?
2
What is the thousands digit of 18356?
8
What is the hundreds digit of 1015?
0
What is the units digit of 46249?
9
What is the thousands digit of 1492?
1
What is the ten thousands digit of 16034?
1
What is the hundreds digit of 6736?
7
What is the tens digit of 46?
4
What is the tens digit of 7127?
2
What is the units digit of 30776?
6
What is the tens digit of 1845?
4
What is the tens digit of 835?
3
What is the units digit of 15?
5
What is the units digit of 6313?
3
What is the tens digit of 5308?
0
What is the hundreds digit of 95985?
9
What is the tens digit of 45186?
8
What is the units digit of 2139?
9
What is the units digit of 3594?
4
What is the ten thousands digit of 11634?
1
What is the hundreds digit of 1069?
0
What is the units digit of 13557?
7
What is the hundreds digit of 8218?
2
What is the ten thousands digit of 89919?
8
What is the hundreds digit of 532?
5
What is the tens digit of 1832?
3
What is the units digit of 22868?
8
What is the ten thousands digit of 22268?
2
What is the thousands digit of 3562?
3
What is the ten thousands digit of 70755?
7
What is the thousands digit of 14520?
4
What is the tens digit of 112464?
6
What is the hundreds digit of 12260?
2
What is the ten thousands digit of 18043?
1
What is the units digit of 1584?
4
What is the hundreds digit of 2844?
8
What is the hundreds digit of 711?
7
What is the thousands digit of 82080?
2
What is the hundreds digit of 5950?
9
What is the units digit of 14443?
3
What is the tens digit of 1499?
9
What is the hundreds digit of 682?
6
What is the hundreds digit of 13619?
6
What is the tens digit of 207?
0
What is the tens digit of 45420?
2
What is the thousands digit of 73505?
3
What is the hundreds digit of 1214?
2
What is the units digit of 25?
5
What is the ten thousands digit of 11836?
1
What is the tens digit of 1878?
7
What is the units digit of 161698?
8
What is the thousands digit of 18944?
8
What is the thousands digit of 13150?
3
What is the units digit of 55115?
5
What is the thousands digit of 87554?
7
What is the tens digit of 68?
6
What is the ten thousands digit of 30989?
3
What is the tens digit of 106?
0
What is the hundreds digit of 50946?
9
What is the tens digit of 336?
3
What is the units digit of 20007?
7
What is the units digit of 273?
3
What is the tens digit of 1189?
8
What is the tens digit of 3200?
0
What is the hundreds digit of 865?
8
What is the thousands digit of 1331?
1
What is the ten thousands digit of 18767?
1
What is the units digit of 4751?
1
What is the hundreds digit of 15186?
1
What is the tens digit of 1608?
0
What is the units digit of 17905?
5
What is the hundreds digit of 16425?
4
What is the thousands digit of 25774?
5
What is the thousands digit of 1662?
1
What is the thousands digit of 10241?
0
What is the hundreds digit of 7418?
4
What is the hundreds digit of 79250?
2
What is the hundreds digit of 17208?
2
What is the units digit of 9501?
1
What is the hundreds digit of 18903?
9
What is the tens digit of 794?
9
What is the tens digit of 6153?
5
What is the thousands digit of 1114?
1
What is the hundreds digit of 807?
8
What is the tens digit of 2701?
0
What is the hundreds digit of 3927?
9
What is the units digit of 4083?
3
What is the tens digit of 111664?
6
What is the hundreds digit of 3684?
6
What is the ten thousands digit of 101783?
0
What is the units digit of 46006?
6
What is the hundreds digit of 5080?
0
What is the ten thousands digit of 107496?
0
What is the units digit of 4968?
8
What is the units digit of 87373?
3
What is the thousands digit of 2324?
2
What is the hundreds digit of 394?
3
What is the hundreds digit of 21759?
7
What is the units digit of 1104?
4
What is the ten thousands digit of 87243?
8
What is the tens digit of 19155?
5
What is the hundreds digit of 901?
9
What is the units digit of 968?
8
What is the ten thousands digit of 10019?
1
What is the hundreds digit of 3165?
1
What is the ten thousands digit of 18171?
1
What is the tens digit of 197?
9
What is the tens digit of 2382?
8
What is the units digit of 1226?
6
What is the thousands digit of 6090?
6
What is the tens digit of 11528?
2
What is the hundreds digit of 5182?
1
What is the hundred thousands digit of 117870?
1
What is the thousands digit of 25204?
5
What is the hundreds digit of 4561?
5
What is the tens digit of 7149?
4
What is the units digit of 50448?
8
What is the ten thousands digit of 80786?
8
What is the thousands digit of 9511?
9
What is the units digit of 2743?
3
What is the units digit of 33994?
4
What is the thousands digit of 43340?
3
What is the ten thousands digit of 18209?
1
What is the hundreds digit of 125?
1
What is the hundreds digit of 2387?
3
What is the thousands digit of 6767?
6
What is the thousands digit of 53180?
3
What is the thousands digit of 11300?
1
What is the hundreds digit of 1975?
9
What is the thousands digit of 6254?
6
What is the tens digit of 645?
4
What is the hundreds digit of 43192?
1
What is the units digit of 5953?
3
What is the units digit of 68?
8
What is the thousands digit of 31884?
1
What is the thousands digit of 52875?
2
What is the hundreds digit of 569?
5
What is the units digit of 3846?
6
What is the tens digit of 1609?
0
What is the units digit of 13974?
4
What is the units digit of 97233?
3
What is the thousands digit of 68343?
8
What is the units digit of 1651?
1
What is the hundreds digit of 690?
6
What is the tens digit of 42162?
6
What is the hundreds digit of 621?
6
What is the ten thousands digit of 18033?
1
What is the tens digit of 1193?
9
What is the thousands digit of 7525?
7
What is the units digit of 81874?
4
What is the hundreds digit of 22323?
3
What is the hundreds digit of 102128?
1
What is the tens digit of 998?
9
What is the hundreds digit of 600?
6
What is the thousands digit of 12735?
2
What is the tens digit of 40510?
1
What is the hundreds digit of 299?
2
What is the units digit of 1728?
8
What is the tens digit of 2788?
8
What is the tens digit of 2660?
6
What is the hundreds digit of 63